{"id":89,"date":"2025-02-28T09:27:40","date_gmt":"2025-02-28T09:27:40","guid":{"rendered":"https:\/\/sonja.ivr.at\/?page_id=89"},"modified":"2025-03-10T10:32:09","modified_gmt":"2025-03-10T10:32:09","slug":"impressum","status":"publish","type":"page","link":"https:\/\/physiotherapie-sonja.at\/?page_id=89","title":{"rendered":"Impressum"},"content":{"rendered":"<h6>Inhaber \/ Betreiber:<\/h6>\n<p>Physiotherapie Egger Sonja<br \/>\nWassertalstrasse 22<br \/>\n6430 \u00d6tztal Bahnhof<br \/>\nTel.: + 43 (0) 664 \/ 13 98 612<br \/>\nE-Mail: sonja@physiotherapie-sonja.at<br \/>\nWebseite: www.physiotherpie-sonja.at<\/p>\n<h6>Design, Programmierung &amp; Implementierung Hosting:<\/h6>\n<p>IVR Innovation<\/p>\n<h6>Bildrechte:<\/h6>\n<p>Das auf dieser Internetseite dargestellte Bildmaterial ist urheberrechtlich gesch\u00fctzt und nicht bindend. Alle Rechte vorbehalten.<\/p>\n<h6>Haftung:<\/h6>\n<p>S\u00e4mtliche Inhalte wurden sorgf\u00e4ltig gepr\u00fcft. Dessen ungeachtet kann keine Garantie f\u00fcr Richtigkeit, Vollst\u00e4ndigkeit oder Aktualit\u00e4t der Angaben \u00fcbernommen werden.<\/p>\n<h6>Copyright:<\/h6>\n<p>S\u00e4mtliche Texte, Grafiken und Bilder sind urheberrechtlich gesch\u00fctzt. Eine Weiterverwendung ist nur mit Genehmigung zul\u00e4ssig.<\/p>\n","protected":false},"excerpt":{"rendered":"<p>Inhaber \/ Betreiber: Physiotherapie Egger Sonja Wassertalstrasse 22 6430 \u00d6tztal Bahnhof Tel.: + 43 (0) 664 \/ 13 98 612 E-Mail: sonja@physiotherapie-sonja.at Webseite: www.physiotherpie-sonja.at Design, Programmierung &amp; Implementierung Hosting: IVR Innovation Bildrechte: Das auf dieser Internetseite dargestellte Bildmaterial ist urheberrechtlich gesch\u00fctzt und nicht bindend. Alle Rechte vorbehalten. Haftung: S\u00e4mtliche Inhalte wurden sorgf\u00e4ltig gepr\u00fcft. Dessen ungeachtet&#8230;<\/p>\n","protected":false},"author":1,"featured_media":0,"parent":0,"menu_order":0,"comment_status":"closed","ping_status":"closed","template":"","meta":{"_kad_post_transparent":"default","_kad_post_title":"default","_kad_post_layout":"normal","_kad_post_sidebar_id":"","_kad_post_content_style":"default","_kad_post_vertical_padding":"default","_kad_post_feature":"","_kad_post_feature_position":"","_kad_post_header":false,"_kad_post_footer":false,"footnotes":""},"class_list":["post-89","page","type-page","status-publish","hentry"],"_links":{"self":[{"href":"https:\/\/physiotherapie-sonja.at\/index.php?rest_route=\/wp\/v2\/pages\/89","targetHints":{"allow":["GET"]}}],"collection":[{"href":"https:\/\/physiotherapie-sonja.at\/index.php?rest_route=\/wp\/v2\/pages"}],"about":[{"href":"https:\/\/physiotherapie-sonja.at\/index.php?rest_route=\/wp\/v2\/types\/page"}],"author":[{"embeddable":true,"href":"https:\/\/physiotherapie-sonja.at\/index.php?rest_route=\/wp\/v2\/users\/1"}],"replies":[{"embeddable":true,"href":"https:\/\/physiotherapie-sonja.at\/index.php?rest_route=%2Fwp%2Fv2%2Fcomments&post=89"}],"version-history":[{"count":4,"href":"https:\/\/physiotherapie-sonja.at\/index.php?rest_route=\/wp\/v2\/pages\/89\/revisions"}],"predecessor-version":[{"id":191,"href":"https:\/\/physiotherapie-sonja.at\/index.php?rest_route=\/wp\/v2\/pages\/89\/revisions\/191"}],"wp:attachment":[{"href":"https:\/\/physiotherapie-sonja.at\/index.php?rest_route=%2Fwp%2Fv2%2Fmedia&parent=89"}],"curies":[{"name":"wp","href":"https:\/\/api.w.org\/{rel}","templated":true}]}}