{"id":80,"date":"2025-02-28T09:25:36","date_gmt":"2025-02-28T09:25:36","guid":{"rendered":"https:\/\/sonja.ivr.at\/?page_id=80"},"modified":"2025-03-19T17:46:41","modified_gmt":"2025-03-19T17:46:41","slug":"80-2","status":"publish","type":"page","link":"https:\/\/physiotherapie-sonja.at\/?page_id=80","title":{"rendered":"Praxis"},"content":{"rendered":"<p style=\"text-align: justify;\"><a href=\"https:\/\/physiotherapie-sonja.at\/?page_id=159\">\u00d6tztal Bahnhof<\/a> \u2022 <a href=\"https:\/\/physiotherapie-sonja.at\/?page_id=161\">H\u00f6chst<\/a> \u2022 <a href=\"https:\/\/physiotherapie-sonja.at\/?page_id=163\">Prutz<\/a><\/p>\n<h2>\u00d6ffnungszeiten<\/h2>\n<p>Montag bis Freitag\u00a0 \u00a0 \u00a0 \u00a0 \u00a0 \u00a0 \u00a0 \u00a08 \u2013 20 Uhr<\/p>\n<h2>Termine<\/h2>\n<p>Termine erhalten Sie nach telefonischer Vereinbarung von Montag bis Freitag 8 \u2013 20 Uhr<\/p>\n<h2>Hausbesuche (H\u00f6chst, Bezirke Imst und \u00d6tztal-Bahnhof)<\/h2>\n<p>Nach Schlaganf\u00e4llen, Sch\u00e4delhirntraumen oder Querschnittsl\u00e4hmungen \u00fcbernimmt die Krankenkasse die vollen Kosten f\u00fcr den Hausbesuch. Auf pers\u00f6nlichen Wunsch mache ich auch in allen anderen F\u00e4llen Hausbesuche in den Bezirken Imst und Landeck.<\/p>\n<h2>Kostenr\u00fcckerstattung<\/h2>\n<p>Die R\u00fcckverg\u00fctung von allen Krankenkassen nach dem Wahlarztprinzip ist m\u00f6glich.<\/p>\n<p>Sie holen bitte von Ihrem Haus- oder Facharzt eine Verordnung f\u00fcr 10 mal mobilisierende Physiotherapie zu je 60 Minuten.<br \/>\nDann lassen Sie die \u00dcberweisung bei der Krankenkasse genehmigen.<br \/>\nSie k\u00f6nnen auch gerne zu einer 45- oder 60-min\u00fctigen Massage kommen und die Kosten selbst \u00fcbernehmen.<\/p>\n","protected":false},"excerpt":{"rendered":"<p>\u00d6tztal Bahnhof \u2022 H\u00f6chst \u2022 Prutz \u00d6ffnungszeiten Montag bis Freitag\u00a0 \u00a0 \u00a0 \u00a0 \u00a0 \u00a0 \u00a0 \u00a08 \u2013 20 Uhr Termine Termine erhalten Sie nach telefonischer Vereinbarung von Montag bis Freitag 8 \u2013 20 Uhr Hausbesuche (H\u00f6chst, Bezirke Imst und \u00d6tztal-Bahnhof) Nach Schlaganf\u00e4llen, Sch\u00e4delhirntraumen oder Querschnittsl\u00e4hmungen \u00fcbernimmt die Krankenkasse die vollen Kosten f\u00fcr den Hausbesuch&#8230;.<\/p>\n","protected":false},"author":1,"featured_media":0,"parent":0,"menu_order":0,"comment_status":"closed","ping_status":"closed","template":"","meta":{"_kad_post_transparent":"enable","_kad_post_title":"above","_kad_post_layout":"normal","_kad_post_sidebar_id":"","_kad_post_content_style":"default","_kad_post_vertical_padding":"default","_kad_post_feature":"","_kad_post_feature_position":"","_kad_post_header":false,"_kad_post_footer":false,"footnotes":""},"class_list":["post-80","page","type-page","status-publish","hentry"],"_links":{"self":[{"href":"https:\/\/physiotherapie-sonja.at\/index.php?rest_route=\/wp\/v2\/pages\/80","targetHints":{"allow":["GET"]}}],"collection":[{"href":"https:\/\/physiotherapie-sonja.at\/index.php?rest_route=\/wp\/v2\/pages"}],"about":[{"href":"https:\/\/physiotherapie-sonja.at\/index.php?rest_route=\/wp\/v2\/types\/page"}],"author":[{"embeddable":true,"href":"https:\/\/physiotherapie-sonja.at\/index.php?rest_route=\/wp\/v2\/users\/1"}],"replies":[{"embeddable":true,"href":"https:\/\/physiotherapie-sonja.at\/index.php?rest_route=%2Fwp%2Fv2%2Fcomments&post=80"}],"version-history":[{"count":16,"href":"https:\/\/physiotherapie-sonja.at\/index.php?rest_route=\/wp\/v2\/pages\/80\/revisions"}],"predecessor-version":[{"id":253,"href":"https:\/\/physiotherapie-sonja.at\/index.php?rest_route=\/wp\/v2\/pages\/80\/revisions\/253"}],"wp:attachment":[{"href":"https:\/\/physiotherapie-sonja.at\/index.php?rest_route=%2Fwp%2Fv2%2Fmedia&parent=80"}],"curies":[{"name":"wp","href":"https:\/\/api.w.org\/{rel}","templated":true}]}}