{"id":8,"date":"2025-01-01T08:00:18","date_gmt":"2025-01-01T08:00:18","guid":{"rendered":"https:\/\/sonja.ivr.at\/?page_id=8"},"modified":"2025-05-11T13:18:22","modified_gmt":"2025-05-11T13:18:22","slug":"front_page","status":"publish","type":"page","link":"https:\/\/physiotherapie-sonja.at\/?page_id=8","title":{"rendered":"\u00dcber mich"},"content":{"rendered":"\r\n\r\n\r\n\r\n\r\n\r\n\r\n<div id=\"main\" class=\"clearfix\" role=\"main\">\r\n<div class=\"sub_page fullwidth \">\r\n<div class=\"content fullwidth clearfix\">\r\n<div class=\"box one box-shadow\">\r\n<div class=\"head_text \">\r\n<div class=\"boxes clearfix\">\r\n<div class=\"box two-three first\">\r\n<p><img loading=\"lazy\" decoding=\"async\" class=\"alignnone size-medium wp-image-149\" src=\"https:\/\/physiotherapie-sonja.at\/wp-content\/uploads\/2025\/02\/sonja-egger1-216x300.jpg\" alt=\"\" width=\"216\" height=\"300\" srcset=\"https:\/\/physiotherapie-sonja.at\/wp-content\/uploads\/2025\/02\/sonja-egger1-216x300.jpg 216w, https:\/\/physiotherapie-sonja.at\/wp-content\/uploads\/2025\/02\/sonja-egger1.jpg 300w\" sizes=\"auto, (max-width: 216px) 100vw, 216px\" \/>Mein Name ist Sonja Egger.<br \/>1993 maturierte ich an der HBLA f\u00fcr wirtschaftliche Berufe in Innsbruck und <br \/>1998 erhielt ich mein Diplom an der Akademie f\u00fcr Physiotherapie am Ausbildungszentrum West f\u00fcr Gesundheitsberufe der TILAK GmbH. Anschlie\u00dfend war ich von 1998 bis 2000 als Physiotherapeutin in einer privaten Krankenanstalt angestellt. Nachdem ich im Jahr 2000 meine Bewilligung zur freiberuflichen Berufsaus\u00fcbung als Physiotherapeutin des gehobenen medizinisch-technischen Dienstes des Landes Tirol erhielt, arbeitete ich zwei Jahre lang selbst\u00e4ndig in einer Gemeinschaftspraxis in Imst (Tirol).<\/p>\r\n<p>Seit dem Jahr 2002 betreibe ich eine eigene Praxis.<\/p>\r\n<p>Ausgleichendes Krafttraining und regelm\u00e4\u00dfiges Dehnen geh\u00f6ren zu meinem Leben wie die Luft zum Atmen f\u00fcr neue Energie und Lebensfreude.<\/p>\r\n<p>Seit 30 Jahren mache ich t\u00e4glich Yoga und Chi Gong. Seit 15 Jahren praktiziere ich Tai Chi und mache regelm\u00e4\u00dfig Kurse in Thai Yoga und Nuad Boran f\u00fcr maximale Beweglichkeit der Wirbels\u00e4ule Bandscheiben und aller Gelenke und zur Verbesserung des Energieflusses.<br \/>Da ich auch eine Kr\u00e4uterausbildung habe, setze ich meine Massage\u00f6le selbst an. Bsp. Johanniskraut\u00f6l, Ringelblumen\u00f6l, Schafgarben\u00f6l,..<br \/>Gerne verwende ich hochwertige Magnsiumsprays und \u00f6le.<\/p>\r\n<\/div>\r\n<\/div>\r\n<h3>In den letzten 28 Jahren meiner Berufsaus\u00fcbung habe ich an folgenden Kursen und Lehrg\u00e4ngen teilgenommen:<\/h3>\r\n<ul>\r\n<li>Fu\u00dfreflexzonenmassage am AZW Innsbruck<\/li>\r\n<li>Lymphdrainage am AZW Innsbruck<\/li>\r\n<li>Manuelle Therapie nach Dr. med. J. Sachse Kursleiter des \u00c4rzteseminars Berlin e. V.<\/li>\r\n<li>Kurs f\u00fcr Manuelle Medizin E1 und E2 (60 Stunden) f\u00fcr Gelenke Arme und Beine<\/li>\r\n<li>Kurs f\u00fcr Manuelle Medizin W1 und W2 (60 Stunden) f\u00fcr Wirbels\u00e4ule<\/li>\r\n<li>Kurs f\u00fcr Manuelle Medizin E3 (60 Stunden) f\u00fcr Muskeln und Faszien<\/li>\r\n<li>Kurs f\u00fcr Manuelle Medizin W3 (60 Stunden) f\u00fcr Wirbels\u00e4ulen Faszien und Muskeln<\/li>\r\n<li>Feldenkrais (Kurs in Bad Geinberg)<\/li>\r\n<li>NordicWalking (Kurs in Bad Geinberg)<\/li>\r\n<\/ul>\r\n<h3>Traditionelle chinesische Medizin:<\/h3>\r\n<ul>\r\n<li>Shiatsu, Pr\u00e4-Shiatsu Techniken, Akkupressur-Fingerdrucktechniken, Trigger-Points und Nuad Boran an der klassischen Thai Yogaschule (Abl\u00e4ufe \u2013 Strukturaufbau \u2013 praktisches Ausf\u00fchren)<\/li>\r\n<li>Meridianlehre nach den Grunds\u00e4tzen der TCM (topographische Auffindung und Zuordnung der Energiebahnen (Meridiane)), Wissen \u00fcber die Punkte und Punkt-Kategorien<\/li>\r\n<li>Westliche Kr\u00e4uterlehre aus der Sicht der TCM (Anwendungen, Beispiele, Kr\u00e4uterwickel- und B\u00e4der)<\/li>\r\n<li>TUI NA AN MO (Vier Lehrg\u00e4nge zu je 16 Stunden am Institut f\u00fcr traditionelle chinesische Massage in Linz)<\/li>\r\n<li>POINT PRESS Massage (Lehrgang im Ausma\u00df von 32 Stunden am Institut f\u00fcr traditionelle chinesische Massage in Linz)<\/li>\r\n<li>Tai Chi Kurs (12 Einheiten)<\/li>\r\n<li>Yoga (Insgesamt 15 unterschiedliche Kurse vom Sonnengebet \u00fcber die 8 Sch\u00e4tze und 5 Tibeter bis zu den Asanas nach Susi Ried in den Yogaschulen Imst, Innsbruck, Bad Geinberg, Bad Radkersburg, Bad Gleichenberg und Wien)<\/li>\r\n<li>Chi Gong bzw. QiGong (18 Einheiten)<\/li>\r\n<li>Tai Chi (lange Form \u00fcber 10 Jahre)<\/li>\r\n<li>Touch for Health nach Sebastian Reisigl (am Internationalen Kinesiologie College Schweiz)<\/li>\r\n<li>Sensomotorische Wahrnehmungsschulung nach F. M. Alexander in Rom (8 Wochen-Kurse in 3 Jahren)<\/li>\r\n<li>Psychosyntheseausbildung nach Roberto Assagioli in Jenbach (9 Kurse in 2 Jahren)<\/li>\r\n<li>Entspannung nach Jakobson (Axams)<\/li>\r\n<li>Schwimmkurs nach Halliwik (Axams)<\/li>\r\n<li>Kr\u00e4uterkurse in Tirol und Vorarlberg samt Gemmomazerat Ausbildung<\/li>\r\n<li>Fascienseminar nach dem weltweit f\u00fchrendem Institut Stecco in Italien\u00a0<\/li>\r\n<li>8 j\u00e4hrige Klangtherapie Ausbildung nach Peter Goldman England White Lodge Institut<\/li>\r\n<li>4 j\u00e4hrige Chi Gong Ausbildung bei Evemarie Haupt (94 Jahre) Salzburg und Deutschland<\/li>\r\n<li>Osteopathie<img loading=\"lazy\" decoding=\"async\" class=\"alignnone size-medium wp-image-263\" src=\"https:\/\/physiotherapie-sonja.at\/wp-content\/uploads\/2025\/05\/portraet-sonja-hoechst-225x300.jpg\" alt=\"\" width=\"225\" height=\"300\" srcset=\"https:\/\/physiotherapie-sonja.at\/wp-content\/uploads\/2025\/05\/portraet-sonja-hoechst-225x300.jpg 225w, https:\/\/physiotherapie-sonja.at\/wp-content\/uploads\/2025\/05\/portraet-sonja-hoechst-768x1024.jpg 768w, https:\/\/physiotherapie-sonja.at\/wp-content\/uploads\/2025\/05\/portraet-sonja-hoechst-1152x1536.jpg 1152w, https:\/\/physiotherapie-sonja.at\/wp-content\/uploads\/2025\/05\/portraet-sonja-hoechst-1536x2048.jpg 1536w, https:\/\/physiotherapie-sonja.at\/wp-content\/uploads\/2025\/05\/portraet-sonja-hoechst-scaled.jpg 1920w\" sizes=\"auto, (max-width: 225px) 100vw, 225px\" \/>\u00a0 <img loading=\"lazy\" decoding=\"async\" class=\"alignnone size-medium wp-image-233\" src=\"https:\/\/physiotherapie-sonja.at\/wp-content\/uploads\/2025\/03\/F2755405-8846-44FA-A646-EAFFD763A93B-1-300x225.jpg\" alt=\"\" width=\"300\" height=\"225\" srcset=\"https:\/\/physiotherapie-sonja.at\/wp-content\/uploads\/2025\/03\/F2755405-8846-44FA-A646-EAFFD763A93B-1-300x225.jpg 300w, https:\/\/physiotherapie-sonja.at\/wp-content\/uploads\/2025\/03\/F2755405-8846-44FA-A646-EAFFD763A93B-1-1024x768.jpg 1024w, https:\/\/physiotherapie-sonja.at\/wp-content\/uploads\/2025\/03\/F2755405-8846-44FA-A646-EAFFD763A93B-1-768x576.jpg 768w, https:\/\/physiotherapie-sonja.at\/wp-content\/uploads\/2025\/03\/F2755405-8846-44FA-A646-EAFFD763A93B-1-1536x1152.jpg 1536w, https:\/\/physiotherapie-sonja.at\/wp-content\/uploads\/2025\/03\/F2755405-8846-44FA-A646-EAFFD763A93B-1-2048x1536.jpg 2048w\" sizes=\"auto, (max-width: 300px) 100vw, 300px\" \/><\/li>\r\n<\/ul>\r\n<\/div>\r\n<\/div>\r\n<\/div>\r\n<\/div>\r\n<\/div>\r\n<div class=\"footer_pos_fix\">\r\n<div id=\"footer\" class=\"box-shadow\"><footer>\r\n<div class=\"footer_info\">\r\n<div class=\"part1\">\u00a0<\/div>\r\n<\/div>\r\n<\/footer><\/div>\r\n<\/div>\r\n\r\n\r\n\r\n\r\n<!-- \/wp:post-content -->","protected":false},"excerpt":{"rendered":"","protected":false},"author":1,"featured_media":0,"parent":0,"menu_order":0,"comment_status":"closed","ping_status":"closed","template":"","meta":{"_kad_post_transparent":"enable","_kad_post_title":"above","_kad_post_layout":"normal","_kad_post_sidebar_id":"","_kad_post_content_style":"default","_kad_post_vertical_padding":"default","_kad_post_feature":"","_kad_post_feature_position":"","_kad_post_header":false,"_kad_post_footer":false,"footnotes":""},"class_list":["post-8","page","type-page","status-publish","hentry"],"_links":{"self":[{"href":"https:\/\/physiotherapie-sonja.at\/index.php?rest_route=\/wp\/v2\/pages\/8","targetHints":{"allow":["GET"]}}],"collection":[{"href":"https:\/\/physiotherapie-sonja.at\/index.php?rest_route=\/wp\/v2\/pages"}],"about":[{"href":"https:\/\/physiotherapie-sonja.at\/index.php?rest_route=\/wp\/v2\/types\/page"}],"author":[{"embeddable":true,"href":"https:\/\/physiotherapie-sonja.at\/index.php?rest_route=\/wp\/v2\/users\/1"}],"replies":[{"embeddable":true,"href":"https:\/\/physiotherapie-sonja.at\/index.php?rest_route=%2Fwp%2Fv2%2Fcomments&post=8"}],"version-history":[{"count":18,"href":"https:\/\/physiotherapie-sonja.at\/index.php?rest_route=\/wp\/v2\/pages\/8\/revisions"}],"predecessor-version":[{"id":264,"href":"https:\/\/physiotherapie-sonja.at\/index.php?rest_route=\/wp\/v2\/pages\/8\/revisions\/264"}],"wp:attachment":[{"href":"https:\/\/physiotherapie-sonja.at\/index.php?rest_route=%2Fwp%2Fv2%2Fmedia&parent=8"}],"curies":[{"name":"wp","href":"https:\/\/api.w.org\/{rel}","templated":true}]}}